78553193?
1
What is the hundred millions digit of 239690968?
2
What is the hundred thousands digit of 960528?
9
What is the hundred thousands digit of 32529480?
5
What is the millions digit of 1124608446?
4
What is the units digit of 17925564?
4
What is the ten millions digit of 984221008?
8
What is the thousands digit of 1324630804?
0
What is the millions digit of 378834775?
8
What is the units digit of 33718840?
0
What is the hundred millions digit of 103593240?
1
What is the hundreds digit of 116298802?
8
What is the hundreds digit of 17670524?
5
What is the hundred millions digit of 274841447?
2
What is the hundred millions digit of 3033803079?
0
What is the ten thousands digit of 12505382?
0
What is the hundreds digit of 324954506?
5
What is the ten thousands digit of 7563896828?
9
What is the hundreds digit of 44142104?
1
What is the hundreds digit of 85721002?
0
What is the thousands digit of 112842296?
2
What is the hundred thousands digit of 43027084?
0
What is the billions digit of 1125596884?
1
What is the ten thousands digit of 1326991126?
9
What is the ten thousands digit of 1115243810?
4
What is the hundreds digit of 134251700?
7
What is the ten millions digit of 143828687?
4
What is the ten millions digit of 46700279?
4
What is the ten millions digit of 66894008?
6
What is the ten thousands digit of 8334911511?
1
What is the tens digit of 43973613?
1
What is the hundred thousands digit of 86814163?
8
What is the tens digit of 81411918?
1
What is the tens digit of 697535472?
7
What is the millions digit of 54878410?
4
What is the ten thousands digit of 9263257796?
5
What is the hundreds digit of 137958405?
4
What is the tens digit of 53138179?
7
What is the thousands digit of 337835328?
5
What is the units digit of 30501032?
2
What is the ten thousands digit of 171540389?
4
What is the hundred thousands digit of 67027577?
0
What is the hundred thousands digit of 14625454?
6
What is the thousands digit of 1005741815?
1
What is the hundreds digit of 91725917?
9
What is the millions digit of 4362531856?
2
What is the units digit of 180917833?
3
What is the hundred millions digit of 324838869?
3
What is the units digit of 207556540?
0
What is the ten millions digit of 1692549146?
9
What is the ten millions digit of 5982265413?
8
What is the hundred thousands digit of 139541836?
5
What is the tens digit of 215880749?
4
What is the millions digit of 94355486?
4
What is the billions digit of 2844055857?
2
What is the billions digit of 1498502849?
1
What is the units digit of 28264533?
3
What is the tens digit of 5794495907?
0
What is the units digit of 925178901?
1
What is the ten thousands digit of 117900421?
0
What is the ten thousands digit of 664922048?
2
What is the millions digit of 62591649?
2
What is the units digit of 66058475?
5
What is the units digit of 49582488?
8
What is the hundreds digit of 44517050?
0
What is the millions digit of 1290655161?
0
What is the ten millions digit of 195633699?
9
What is the hundreds digit of 91175192?
1
What is the units digit of 3441939?
9
What is the ten millions digit of 42681915?
4
What is the units digit of 684596011?
1
What is the ten thousands digit of 62378593?
7
What is the ten millions digit of 215498047?
1
What is the units digit of 54455093?
3
What is the hundred thousands digit of 82077257?
0
What is the ten millions digit of 446963370?
4
What is the thousands digit of 374424743?
4
What is the hundred millions digit of 6873289188?
8
What is the hundred thousands digit of 745985973?
9
What is the thousands digit of 160864838?
4
What is the thousands digit of 4756149?
6
What is the hundreds digit of 433640313?
3
What is the hundred thousands digit of 306754653?
7
What is the units digit of 130184389?
9
What is the millions digit of 36520666?
6
What is the thousands digit of 103649219?
9
What is the tens digit of 4221105670?
7
What is the millions digit of 10663800?
0
What is the thousands digit of 460870504?
0
What is the thousands digit of 192833709?
3
What is the thousands digit of 96199628?
9
What is the ten millions digit of 329140220?
2
What is the hundreds digit of 3367260542?
5
What is the tens digit of 4289836435?
3
What is the units digit of 161751?
1
What is the hundred thousands digit of 903529396?
5
What is the ten millions digit of 2333909110?
3
What is the tens digit of 95694686?
8
What is the units digit of 31935428?
8
What is the thousands digit of 2636131728?
1
What is the tens digit of 409009389?
8
What is the hundreds digit of 6075362425?
4
What is the ten thousands digit of 31408905?
0
What is the hundred millions digit of 2935854638?
9
What is the hundred thousands digit of 1777086279?
0
What is the hundreds digit of 259609?
6
What is the ten millions digit of 27320183?
2
What is the ten millions digit of 746804465?
4
What is the hundred millions digit of 474974999?
4
What is the units digit of 52658194?
4
What is the hundreds digit of 287175572?
5
What is the hundreds digit of 294176646?
6
What is the thousands digit of 202156561?
6
What is the millions digit of 59183964?
9
What is the ten millions digit of 391245097?
9
What is the thousands digit of 186870968?
0
What is the billions digit of 1925347352?
1
What is the millions digit of 86130975?
6
What is the millions digit of 1371586004?
1
What is the ten thousands digit of 5710046299?
4
What is the ten thousands digit of 2686346455?
4
What is the billions digit of 4070341702?
4
What is the units digit of 1219081486?
6
What is the units digit of 566366596?
6
What is the ten thousands digit of 4367721389?
2
What is the millions digit of 7881053720?
1
What is the ten millions digit of 173084835?
7
What is the millions digit of 40042944?
0
What is the thousands digit of 36012507?
2
What is the hundreds digit of 899104985?
9
What is the units digit of 1325912854?
4
What is the tens digit of 75906098?
9
What is the tens digit of 488298694?
9
What is the ten thousands digit of 120310879?
1
What is the hundred millions digit of 4228763887?
2
What is the ten thousands digit of 657522533?
2
What is the hundred thousands digit of 57724151?
7
What is the thousands digit of 3160969053?
9
What is the units digit of 90271120?
0
What is the millions digit of 110798328?
0
What is the ten millions digit of 289043632?
8
What is the ten thousands digit of 454789403?
8
What is the millions digit of 56282070?
6
What is the ten millions digit of 286873474?
8
What is the units digit of 90616569?
9
What is the tens digit of 656729205?
0
What is the billions digit of 1036672101?
1
What is the hundred thousands digit of 255260881?
2
What is the thousands digit of 39880041?
0
What is the millions digit of 114774928?
4
What is the ten thousands digit of 682291985?
9
What is the millions digit of 1131714373?
1
What is the tens digit of 1714864771?
7
What is the hundred millions digit of 2441191475?
4
What is the millions digit of 417827282?
7
What is the ten thousands digit of 67881411?
8
What is the units digit of 9798401?
1
What is the thousands digit of 26071054?
1
What is the millions digit of 62802913?
2
What is the ten millions digit of 337267798?
3
What is the tens digit of 1348259?
5
What is the units digit of 85828174?
4
What is the units digit of 19226152?
2
What is the thousands digit of 237902835?
2
What is the hundred millions digit of 260946403?
2
What is the thousands digit of 1085350515?
0
What is the millions digit of 48297008?
8
What is the hundred thousands digit of 2204809939?
8
What is the units digit of 29860053?
3
What is the units digit of 3164063280?
0
What is the hundreds digit of 11329286?
2
What is the billions digit of 3847676916?
3
What is the thousands digit of 195350172?
0
What is the thousands digit of 37423050?
3
What is the millions digit of 467927894?
7
What is the thousands digit of 2629037415?
7
What is the units digit of 13683557?
7
What is the thousands digit of 1864623816?
3
What is the ten millions digit of 1673001500?
7
What is the thousands digit of 6867947120?
7
What is the hundreds digit of 174383622?
6
What is the hundred thousands digit of 62249104?
2
What is the millions digit of 4369423379?
9
What is the ten thousands digit of 32044601?
4
What is the hundreds digit of 94593758?
7
Wh